{"id":3012,"date":"2018-06-13T12:08:43","date_gmt":"2018-06-13T11:08:43","guid":{"rendered":"https:\/\/www.elmundodelasemociones.es\/Weblog\/?page_id=3012"},"modified":"2018-06-13T12:08:43","modified_gmt":"2018-06-13T11:08:43","slug":"politica-de-privacidad","status":"publish","type":"page","link":"https:\/\/www.elmundodelasemociones.es\/Weblog\/politica-de-privacidad\/","title":{"rendered":"Pol\u00edtica de privacidad"},"content":{"rendered":"<p>En cumplimiento del art\u00edculo 5 de la Ley Org\u00e1nica 15\/1999, de 13 de diciembre, de Protecci\u00f3n de Datos de Car\u00e1cter Personal, le informamos que los datos de car\u00e1cter personal facilitados por el usuario de esta web o en sus distintos formularios ser\u00e1n incorporados y tratados en uno o m\u00e1s ficheros titularidad de ASESORAMIENTO C.A.E.C, S.L con la finalidad de gestionar su solicitud, as\u00ed como para mantenerle informado, incluso por v\u00eda electr\u00f3nica, de sus futuras noticias y novedades relacionadas con nuestra empresa.<\/p>\n<p>Asesoramiento C.A.E.C, S.L se compromete a no ceder los datos de car\u00e1cter personal facilitados por los usuarios de esta Web a terceras personas o empresas sin el consentimiento previo, expreso, informado e inequ\u00edvoco del afectado.<\/p>\n<p>Los usuarios pueden ejercitar los derechos de acceso, rectificaci\u00f3n, cancelaci\u00f3n y oposici\u00f3n reconocidos en la Ley mediante comunicaci\u00f3n escrita a la siguiente direcci\u00f3n postal: ASESORAMIENTO C.A.E.C, S.L AYALA, 72 5\u00baI, de MADRID (MADRID) o en nuestra direcci\u00f3n de correo electr\u00f3nico <a href=\"mailto:maryamvarela@hotmail.com\">maryamvarela@hotmail.com <\/a>o mediante el formulario de ejercicio de derechos proporcionado en la direcci\u00f3n indicada.<\/p>\n<p>Los datos que se solicitan en los distintos formularios marcados con asterisco (*) son los estrictamente necesarios para poder proporcionarle el servicio solicitado o poder contactar con el usuario.<\/p>\n<p>El usuario garantiza la veracidad de los datos personales proporcionados, siendo el \u00fanico responsable de cualquier da\u00f1o o perjuicio, directo o indirecto, que pudiera ocasionar a ASESORAMIENTO C.A.E.C, S.L a causa de la cumplimentaci\u00f3n de los formularios con datos falsos, inexactos o incompletos.<\/p>\n<p>En el caso de que el usuario incluya datos de car\u00e1cter personal de terceros deber\u00e1, con car\u00e1cter previo a su inclusi\u00f3n, informarles de lo establecido en la presente pol\u00edtica de privacidad, siendo el \u00fanico responsable de su inclusi\u00f3n.<\/p>\n<p>La aceptaci\u00f3n de los t\u00e9rminos expuestos en esta pol\u00edtica de privacidad es necesaria para el env\u00edo y transmisi\u00f3n de la solicitud realizada.<\/p>\n","protected":false},"excerpt":{"rendered":"<p>En cumplimiento del art\u00edculo 5 de la Ley Org\u00e1nica 15\/1999, de 13 de diciembre, de Protecci\u00f3n de Datos de Car\u00e1cter Personal, le informamos que los datos de car\u00e1cter personal facilitados por el usuario de esta web o en sus distintos formularios ser\u00e1n incorporados y tratados en uno o m\u00e1s ficheros titularidad de ASESORAMIENTO C.A.E.C, S.L [&hellip;]<\/p>\n","protected":false},"author":1,"featured_media":0,"parent":0,"menu_order":0,"comment_status":"closed","ping_status":"closed","template":"","meta":{"footnotes":""},"class_list":["post-3012","page","type-page","status-publish","hentry"],"yoast_head":"<!-- This site is optimized with the Yoast SEO plugin v27.4 - https:\/\/yoast.com\/product\/yoast-seo-wordpress\/ -->\n<title>Pol\u00edtica de privacidad - El mundo de las emociones<\/title>\n<meta name=\"description\" content=\"Informaci\u00f3n sobre la Pol\u00edtica de Privacidad del sitio Web.\" \/>\n<meta name=\"robots\" content=\"index, follow, max-snippet:-1, max-image-preview:large, max-video-preview:-1\" \/>\n<link rel=\"canonical\" href=\"https:\/\/www.elmundodelasemociones.es\/Weblog\/politica-de-privacidad\/\" \/>\n<meta property=\"og:locale\" content=\"es_ES\" \/>\n<meta property=\"og:type\" content=\"article\" \/>\n<meta property=\"og:title\" content=\"Pol\u00edtica de privacidad - El mundo de las emociones\" \/>\n<meta property=\"og:description\" content=\"Informaci\u00f3n sobre la Pol\u00edtica de Privacidad del sitio Web.\" \/>\n<meta property=\"og:url\" content=\"https:\/\/www.elmundodelasemociones.es\/Weblog\/politica-de-privacidad\/\" \/>\n<meta property=\"og:site_name\" content=\"El mundo de las emociones\" \/>\n<meta name=\"twitter:label1\" content=\"Tiempo de lectura\" \/>\n\t<meta name=\"twitter:data1\" content=\"2 minutos\" \/>\n<script type=\"application\/ld+json\" class=\"yoast-schema-graph\">{\"@context\":\"https:\\\/\\\/schema.org\",\"@graph\":[{\"@type\":\"WebPage\",\"@id\":\"https:\\\/\\\/www.elmundodelasemociones.es\\\/Weblog\\\/politica-de-privacidad\\\/\",\"url\":\"https:\\\/\\\/www.elmundodelasemociones.es\\\/Weblog\\\/politica-de-privacidad\\\/\",\"name\":\"Pol\u00edtica de privacidad - El mundo de las emociones\",\"isPartOf\":{\"@id\":\"https:\\\/\\\/www.elmundodelasemociones.es\\\/Weblog\\\/#website\"},\"datePublished\":\"2018-06-13T11:08:43+00:00\",\"description\":\"Informaci\u00f3n sobre la Pol\u00edtica de Privacidad del sitio Web.\",\"breadcrumb\":{\"@id\":\"https:\\\/\\\/www.elmundodelasemociones.es\\\/Weblog\\\/politica-de-privacidad\\\/#breadcrumb\"},\"inLanguage\":\"es\",\"potentialAction\":[{\"@type\":\"ReadAction\",\"target\":[\"https:\\\/\\\/www.elmundodelasemociones.es\\\/Weblog\\\/politica-de-privacidad\\\/\"]}]},{\"@type\":\"BreadcrumbList\",\"@id\":\"https:\\\/\\\/www.elmundodelasemociones.es\\\/Weblog\\\/politica-de-privacidad\\\/#breadcrumb\",\"itemListElement\":[{\"@type\":\"ListItem\",\"position\":1,\"name\":\"Portada\",\"item\":\"https:\\\/\\\/www.elmundodelasemociones.es\\\/Weblog\\\/\"},{\"@type\":\"ListItem\",\"position\":2,\"name\":\"Pol\u00edtica de privacidad\"}]},{\"@type\":\"WebSite\",\"@id\":\"https:\\\/\\\/www.elmundodelasemociones.es\\\/Weblog\\\/#website\",\"url\":\"https:\\\/\\\/www.elmundodelasemociones.es\\\/Weblog\\\/\",\"name\":\"El mundo de las emociones\",\"description\":\"El blog de &quot;el mundo de las emociones&quot;\",\"potentialAction\":[{\"@type\":\"SearchAction\",\"target\":{\"@type\":\"EntryPoint\",\"urlTemplate\":\"https:\\\/\\\/www.elmundodelasemociones.es\\\/Weblog\\\/?s={search_term_string}\"},\"query-input\":{\"@type\":\"PropertyValueSpecification\",\"valueRequired\":true,\"valueName\":\"search_term_string\"}}],\"inLanguage\":\"es\"}]}<\/script>\n<!-- \/ Yoast SEO plugin. -->","yoast_head_json":{"title":"Pol\u00edtica de privacidad - El mundo de las emociones","description":"Informaci\u00f3n sobre la Pol\u00edtica de Privacidad del sitio Web.","robots":{"index":"index","follow":"follow","max-snippet":"max-snippet:-1","max-image-preview":"max-image-preview:large","max-video-preview":"max-video-preview:-1"},"canonical":"https:\/\/www.elmundodelasemociones.es\/Weblog\/politica-de-privacidad\/","og_locale":"es_ES","og_type":"article","og_title":"Pol\u00edtica de privacidad - El mundo de las emociones","og_description":"Informaci\u00f3n sobre la Pol\u00edtica de Privacidad del sitio Web.","og_url":"https:\/\/www.elmundodelasemociones.es\/Weblog\/politica-de-privacidad\/","og_site_name":"El mundo de las emociones","twitter_misc":{"Tiempo de lectura":"2 minutos"},"schema":{"@context":"https:\/\/schema.org","@graph":[{"@type":"WebPage","@id":"https:\/\/www.elmundodelasemociones.es\/Weblog\/politica-de-privacidad\/","url":"https:\/\/www.elmundodelasemociones.es\/Weblog\/politica-de-privacidad\/","name":"Pol\u00edtica de privacidad - El mundo de las emociones","isPartOf":{"@id":"https:\/\/www.elmundodelasemociones.es\/Weblog\/#website"},"datePublished":"2018-06-13T11:08:43+00:00","description":"Informaci\u00f3n sobre la Pol\u00edtica de Privacidad del sitio Web.","breadcrumb":{"@id":"https:\/\/www.elmundodelasemociones.es\/Weblog\/politica-de-privacidad\/#breadcrumb"},"inLanguage":"es","potentialAction":[{"@type":"ReadAction","target":["https:\/\/www.elmundodelasemociones.es\/Weblog\/politica-de-privacidad\/"]}]},{"@type":"BreadcrumbList","@id":"https:\/\/www.elmundodelasemociones.es\/Weblog\/politica-de-privacidad\/#breadcrumb","itemListElement":[{"@type":"ListItem","position":1,"name":"Portada","item":"https:\/\/www.elmundodelasemociones.es\/Weblog\/"},{"@type":"ListItem","position":2,"name":"Pol\u00edtica de privacidad"}]},{"@type":"WebSite","@id":"https:\/\/www.elmundodelasemociones.es\/Weblog\/#website","url":"https:\/\/www.elmundodelasemociones.es\/Weblog\/","name":"El mundo de las emociones","description":"El blog de &quot;el mundo de las emociones&quot;","potentialAction":[{"@type":"SearchAction","target":{"@type":"EntryPoint","urlTemplate":"https:\/\/www.elmundodelasemociones.es\/Weblog\/?s={search_term_string}"},"query-input":{"@type":"PropertyValueSpecification","valueRequired":true,"valueName":"search_term_string"}}],"inLanguage":"es"}]}},"jetpack_sharing_enabled":true,"jetpack_shortlink":"https:\/\/wp.me\/P82iJT-MA","_links":{"self":[{"href":"https:\/\/www.elmundodelasemociones.es\/Weblog\/wp-json\/wp\/v2\/pages\/3012","targetHints":{"allow":["GET"]}}],"collection":[{"href":"https:\/\/www.elmundodelasemociones.es\/Weblog\/wp-json\/wp\/v2\/pages"}],"about":[{"href":"https:\/\/www.elmundodelasemociones.es\/Weblog\/wp-json\/wp\/v2\/types\/page"}],"author":[{"embeddable":true,"href":"https:\/\/www.elmundodelasemociones.es\/Weblog\/wp-json\/wp\/v2\/users\/1"}],"replies":[{"embeddable":true,"href":"https:\/\/www.elmundodelasemociones.es\/Weblog\/wp-json\/wp\/v2\/comments?post=3012"}],"version-history":[{"count":0,"href":"https:\/\/www.elmundodelasemociones.es\/Weblog\/wp-json\/wp\/v2\/pages\/3012\/revisions"}],"wp:attachment":[{"href":"https:\/\/www.elmundodelasemociones.es\/Weblog\/wp-json\/wp\/v2\/media?parent=3012"}],"curies":[{"name":"wp","href":"https:\/\/api.w.org\/{rel}","templated":true}]}}

Política de privacidad

<p>En cumplimiento del artículo 5 de la Ley Orgánica 15/1999, de 13 de diciembre, de Protección de Datos de Carácter Personal, le informamos que los datos de carácter personal facilitados por el usuario de esta web o en sus distintos formularios serán incorporados y tratados en uno o más ficheros titularidad de ASESORAMIENTO C.A.E.C, S.L con la finalidad de gestionar su solicitud, así como para mantenerle informado, incluso por vía electrónica, de sus futuras noticias y novedades relacionadas con nuestra empresa.</p>
<p>Asesoramiento C.A.E.C, S.L se compromete a no ceder los datos de carácter personal facilitados por los usuarios de esta Web a terceras personas o empresas sin el consentimiento previo, expreso, informado e inequívoco del afectado.</p>
<p>Los usuarios pueden ejercitar los derechos de acceso, rectificación, cancelación y oposición reconocidos en la Ley mediante comunicación escrita a la siguiente dirección postal: ASESORAMIENTO C.A.E.C, S.L AYALA, 72 5ºI, de MADRID (MADRID) o en nuestra dirección de correo electrónico <a href="mailto:maryamvarela@hotmail.com">maryamvarela@hotmail.com </a>o mediante el formulario de ejercicio de derechos proporcionado en la dirección indicada.</p>
<p>Los datos que se solicitan en los distintos formularios marcados con asterisco (*) son los estrictamente necesarios para poder proporcionarle el servicio solicitado o poder contactar con el usuario.</p>
<p>El usuario garantiza la veracidad de los datos personales proporcionados, siendo el único responsable de cualquier daño o perjuicio, directo o indirecto, que pudiera ocasionar a ASESORAMIENTO C.A.E.C, S.L a causa de la cumplimentación de los formularios con datos falsos, inexactos o incompletos.</p>
<p>En el caso de que el usuario incluya datos de carácter personal de terceros deberá, con carácter previo a su inclusión, informarles de lo establecido en la presente política de privacidad, siendo el único responsable de su inclusión.</p>
<p>La aceptación de los términos expuestos en esta política de privacidad es necesaria para el envío y transmisión de la solicitud realizada.</p>

<p>En cumplimiento del artículo 5 de la Ley Orgánica 15/1999, de 13 de diciembre, de Protección de Datos de Carácter Personal, le informamos que los datos de carácter personal facilitados por el usuario de esta web o en sus distintos formularios serán incorporados y tratados en uno o más ficheros titularidad de ASESORAMIENTO C.A.E.C, S.L [&hellip;]</p>

<!-- This site is optimized with the Yoast SEO plugin v27.4 - https://yoast.com/product/yoast-seo-wordpress/ -->
<title>Política de privacidad - El mundo de las emociones</title>
<meta name="description" content="Información sobre la Política de Privacidad del sitio Web." />
<meta name="robots" content="index, follow, max-snippet:-1, max-image-preview:large, max-video-preview:-1" />
<link rel="canonical" href="https://www.elmundodelasemociones.es/Weblog/politica-de-privacidad/" />
<meta property="og:locale" content="es_ES" />
<meta property="og:type" content="article" />
<meta property="og:title" content="Política de privacidad - El mundo de las emociones" />
<meta property="og:description" content="Información sobre la Política de Privacidad del sitio Web." />
<meta property="og:url" content="https://www.elmundodelasemociones.es/Weblog/politica-de-privacidad/" />
<meta property="og:site_name" content="El mundo de las emociones" />
<meta name="twitter:label1" content="Tiempo de lectura" />
	<meta name="twitter:data1" content="2 minutos" />
<script type="application/ld+json" class="yoast-schema-graph">{"@context":"https:\/\/schema.org","@graph":[{"@type":"WebPage","@id":"https:\/\/www.elmundodelasemociones.es\/Weblog\/politica-de-privacidad\/","url":"https:\/\/www.elmundodelasemociones.es\/Weblog\/politica-de-privacidad\/","name":"Política de privacidad - El mundo de las emociones","isPartOf":{"@id":"https:\/\/www.elmundodelasemociones.es\/Weblog\/#website"},"datePublished":"2018-06-13T11:08:43+00:00","description":"Información sobre la Política de Privacidad del sitio Web.","breadcrumb":{"@id":"https:\/\/www.elmundodelasemociones.es\/Weblog\/politica-de-privacidad\/#breadcrumb"},"inLanguage":"es","potentialAction":[{"@type":"ReadAction","target":["https:\/\/www.elmundodelasemociones.es\/Weblog\/politica-de-privacidad\/"]}]},{"@type":"BreadcrumbList","@id":"https:\/\/www.elmundodelasemociones.es\/Weblog\/politica-de-privacidad\/#breadcrumb","itemListElement":[{"@type":"ListItem","position":1,"name":"Portada","item":"https:\/\/www.elmundodelasemociones.es\/Weblog\/"},{"@type":"ListItem","position":2,"name":"Política de privacidad"}]},{"@type":"WebSite","@id":"https:\/\/www.elmundodelasemociones.es\/Weblog\/#website","url":"https:\/\/www.elmundodelasemociones.es\/Weblog\/","name":"El mundo de las emociones","description":"El blog de &quot;el mundo de las emociones&quot;","potentialAction":[{"@type":"SearchAction","target":{"@type":"EntryPoint","urlTemplate":"https:\/\/www.elmundodelasemociones.es\/Weblog\/?s={search_term_string}"},"query-input":{"@type":"PropertyValueSpecification","valueRequired":true,"valueName":"search_term_string"}}],"inLanguage":"es"}]}</script>
<!-- / Yoast SEO plugin. -->

Política de privacidad - El mundo de las emociones

Información sobre la Política de Privacidad del sitio Web.
